{"id":11,"date":"2025-02-04T17:45:24","date_gmt":"2025-02-04T16:45:24","guid":{"rendered":"http:\/\/localhost\/brice\/?page_id=11"},"modified":"2026-03-24T12:40:03","modified_gmt":"2026-03-24T11:40:03","slug":"brice-baules-artisan-bijoutier","status":"publish","type":"page","link":"https:\/\/www.brice-baules.fr\/","title":{"rendered":"Brice Baul\u00e8s &#8211; Artisan Bijoutier"},"content":{"rendered":"\t\t<div data-elementor-type=\"wp-page\" data-elementor-id=\"11\" class=\"elementor elementor-11\">\n\t\t\t\t<div class=\"elementor-element elementor-element-27f92f7c e-flex e-con-boxed e-con e-parent\" data-id=\"27f92f7c\" data-element_type=\"container\" data-e-type=\"container\" data-settings=\"{&quot;background_background&quot;:&quot;slideshow&quot;,&quot;animation&quot;:&quot;none&quot;,&quot;background_slideshow_gallery&quot;:[{&quot;id&quot;:485,&quot;url&quot;:&quot;https:\\\/\\\/www.brice-baules.fr\\\/wp-content\\\/uploads\\\/2026\\\/03\\\/IMG_2543-scaled.jpg&quot;},{&quot;id&quot;:517,&quot;url&quot;:&quot;https:\\\/\\\/www.brice-baules.fr\\\/wp-content\\\/uploads\\\/2026\\\/03\\\/IMG_2550-scaled.jpg&quot;},{&quot;id&quot;:522,&quot;url&quot;:&quot;https:\\\/\\\/www.brice-baules.fr\\\/wp-content\\\/uploads\\\/2026\\\/03\\\/IMG_2555-scaled.jpg&quot;},{&quot;id&quot;:521,&quot;url&quot;:&quot;https:\\\/\\\/www.brice-baules.fr\\\/wp-content\\\/uploads\\\/2026\\\/03\\\/IMG_2546-scaled.jpg&quot;},{&quot;id&quot;:502,&quot;url&quot;:&quot;https:\\\/\\\/www.brice-baules.fr\\\/wp-content\\\/uploads\\\/2026\\\/03\\\/IMG_2530-scaled.jpg&quot;},{&quot;id&quot;:509,&quot;url&quot;:&quot;https:\\\/\\\/www.brice-baules.fr\\\/wp-content\\\/uploads\\\/2026\\\/03\\\/IMG_2426-scaled.jpg&quot;}],&quot;background_slideshow_loop&quot;:&quot;yes&quot;,&quot;background_slideshow_slide_duration&quot;:5000,&quot;background_slideshow_slide_transition&quot;:&quot;fade&quot;,&quot;background_slideshow_transition_duration&quot;:500}\">\n\t\t\t\t\t<div class=\"e-con-inner\">\n\t\t\t\t<div class=\"elementor-element elementor-element-183d1467 elementor-widget elementor-widget-heading\" data-id=\"183d1467\" data-element_type=\"widget\" data-e-type=\"widget\" data-widget_type=\"heading.default\">\n\t\t\t\t<div class=\"elementor-widget-container\">\n\t\t\t\t\t<h1 class=\"elementor-heading-title elementor-size-default\">Brice Baul\u00e8s<\/h1>\t\t\t\t<\/div>\n\t\t\t\t<\/div>\n\t\t\t\t<div class=\"elementor-element elementor-element-75250c2 elementor-widget elementor-widget-heading\" data-id=\"75250c2\" data-element_type=\"widget\" data-e-type=\"widget\" data-widget_type=\"heading.default\">\n\t\t\t\t<div class=\"elementor-widget-container\">\n\t\t\t\t\t<h1 class=\"elementor-heading-title elementor-size-default\">Artisan Bijoutier<\/h1>\t\t\t\t<\/div>\n\t\t\t\t<\/div>\n\t\t\t\t<div class=\"elementor-element elementor-element-34d96220 elementor-widget elementor-widget-heading\" data-id=\"34d96220\" data-element_type=\"widget\" data-e-type=\"widget\" data-widget_type=\"heading.default\">\n\t\t\t\t<div class=\"elementor-widget-container\">\n\t\t\t\t\t<h5 class=\"elementor-heading-title elementor-size-default\">Bienvenue dans mon univers,\ntoutes les cr\u00e9ations que vous trouverez ici sont enti\u00e8rement r\u00e9alis\u00e9es \u00e0 la main dans le pur respect des techniques traditionnelles de bijouterie \/ joaillerie.\n<\/h5>\t\t\t\t<\/div>\n\t\t\t\t<\/div>\n\t\t\t\t<div class=\"elementor-element elementor-element-229f5ca1 elementor-align-center elementor-widget elementor-widget-button\" data-id=\"229f5ca1\" data-element_type=\"widget\" data-e-type=\"widget\" data-widget_type=\"button.default\">\n\t\t\t\t<div class=\"elementor-widget-container\">\n\t\t\t\t\t\t\t\t\t<div class=\"elementor-button-wrapper\">\n\t\t\t\t\t<a class=\"elementor-button elementor-button-link elementor-size-sm\" href=\"https:\/\/www.brice-baules.fr\/index.php\/contact\/\">\n\t\t\t\t\t\t<span class=\"elementor-button-content-wrapper\">\n\t\t\t\t\t\t\t\t\t<span class=\"elementor-button-text\">Me contacter<\/span>\n\t\t\t\t\t<\/span>\n\t\t\t\t\t<\/a>\n\t\t\t\t<\/div>\n\t\t\t\t\t\t\t\t<\/div>\n\t\t\t\t<\/div>\n\t\t\t\t\t<\/div>\n\t\t\t\t<\/div>\n\t\t<div class=\"elementor-element elementor-element-63003457 e-con-full e-flex e-con e-parent\" data-id=\"63003457\" data-element_type=\"container\" data-e-type=\"container\">\n\t\t<div class=\"elementor-element elementor-element-67000d26 e-con-full e-flex e-con e-child\" data-id=\"67000d26\" data-element_type=\"container\" data-e-type=\"container\">\n\t\t\t\t<div class=\"elementor-element elementor-element-2f45849d elementor-widget elementor-widget-heading\" data-id=\"2f45849d\" data-element_type=\"widget\" data-e-type=\"widget\" data-widget_type=\"heading.default\">\n\t\t\t\t<div class=\"elementor-widget-container\">\n\t\t\t\t\t<h2 class=\"elementor-heading-title elementor-size-default\">Your Name<\/h2>\t\t\t\t<\/div>\n\t\t\t\t<\/div>\n\t\t\t\t<div class=\"elementor-element elementor-element-4fc19345 elementor-widget elementor-widget-heading\" data-id=\"4fc19345\" data-element_type=\"widget\" data-e-type=\"widget\" data-widget_type=\"heading.default\">\n\t\t\t\t<div class=\"elementor-widget-container\">\n\t\t\t\t\t<h5 class=\"elementor-heading-title elementor-size-default\">Qui suis-je?<\/h5>\t\t\t\t<\/div>\n\t\t\t\t<\/div>\n\t\t\t\t<div class=\"elementor-element elementor-element-5ade2520 elementor-widget elementor-widget-text-editor\" data-id=\"5ade2520\" data-element_type=\"widget\" data-e-type=\"widget\" data-widget_type=\"text-editor.default\">\n\t\t\t\t<div class=\"elementor-widget-container\">\n\t\t\t\t\t\t\t\t\t<p>Je m&rsquo;appelle Brice Baul\u00e8s, je suis artisan bijoutier \u00e0 mon compte et exerce \u00e0 Couffouleux, dans le Tarn.<\/p><p>Je r\u00e9alise mes cr\u00e9ations principalement en argent, mais travail \u00e9galement l&rsquo;or sur commande.<\/p>\t\t\t\t\t\t\t\t<\/div>\n\t\t\t\t<\/div>\n\t\t\t\t<div class=\"elementor-element elementor-element-45ca90f7 elementor-invisible elementor-widget elementor-widget-button\" data-id=\"45ca90f7\" data-element_type=\"widget\" data-e-type=\"widget\" data-settings=\"{&quot;_animation&quot;:&quot;fadeInDown&quot;}\" data-widget_type=\"button.default\">\n\t\t\t\t<div class=\"elementor-widget-container\">\n\t\t\t\t\t\t\t\t\t<div class=\"elementor-button-wrapper\">\n\t\t\t\t\t<a class=\"elementor-button elementor-button-link elementor-size-sm\" href=\"https:\/\/www.brice-baules.fr\/index.php\/a-propos\/\">\n\t\t\t\t\t\t<span class=\"elementor-button-content-wrapper\">\n\t\t\t\t\t\t\t\t\t<span class=\"elementor-button-text\">En savoir plus<\/span>\n\t\t\t\t\t<\/span>\n\t\t\t\t\t<\/a>\n\t\t\t\t<\/div>\n\t\t\t\t\t\t\t\t<\/div>\n\t\t\t\t<\/div>\n\t\t\t\t<\/div>\n\t\t<div class=\"elementor-element elementor-element-3c47769e e-con-full e-flex e-con e-child\" data-id=\"3c47769e\" data-element_type=\"container\" data-e-type=\"container\">\n\t\t\t\t<div class=\"elementor-element elementor-element-51d46044 elementor-widget elementor-widget-image\" data-id=\"51d46044\" data-element_type=\"widget\" data-e-type=\"widget\" data-widget_type=\"image.default\">\n\t\t\t\t<div class=\"elementor-widget-container\">\n\t\t\t\t\t\t\t\t\t\t\t\t\t\t\t<img decoding=\"async\" src=\"https:\/\/www.brice-baules.fr\/wp-content\/uploads\/elementor\/thumbs\/IMG_2548-scaled-rkgijjz9v0i6ymcpdd7ux651v2jtudxdxi5auotg74.jpg\" title=\"IMG_2548\" alt=\"IMG_2548\" loading=\"lazy\" \/>\t\t\t\t\t\t\t\t\t\t\t\t\t\t\t<\/div>\n\t\t\t\t<\/div>\n\t\t\t\t<\/div>\n\t\t\t\t<\/div>\n\t\t<div class=\"elementor-element elementor-element-42c9e06 e-con-full e-flex e-con e-parent\" data-id=\"42c9e06\" data-element_type=\"container\" data-e-type=\"container\">\n\t\t\t\t<div class=\"elementor-element elementor-element-255cb4fe elementor-widget elementor-widget-heading\" data-id=\"255cb4fe\" data-element_type=\"widget\" data-e-type=\"widget\" data-widget_type=\"heading.default\">\n\t\t\t\t<div class=\"elementor-widget-container\">\n\t\t\t\t\t<h2 class=\"elementor-heading-title elementor-size-default\">Recent Projects<\/h2>\t\t\t\t<\/div>\n\t\t\t\t<\/div>\n\t\t\t\t<div class=\"elementor-element elementor-element-215e6693 elementor-widget elementor-widget-heading\" data-id=\"215e6693\" data-element_type=\"widget\" data-e-type=\"widget\" data-widget_type=\"heading.default\">\n\t\t\t\t<div class=\"elementor-widget-container\">\n\t\t\t\t\t<h5 class=\"elementor-heading-title elementor-size-default\">Derni\u00e8res cr\u00e9ations sur mesure<\/h5>\t\t\t\t<\/div>\n\t\t\t\t<\/div>\n\t\t\t\t<div class=\"elementor-element elementor-element-45d4dc06 gallery-spacing-custom elementor-widget elementor-widget-image-gallery\" data-id=\"45d4dc06\" data-element_type=\"widget\" data-e-type=\"widget\" data-widget_type=\"image-gallery.default\">\n\t\t\t\t<div class=\"elementor-widget-container\">\n\t\t\t\t\t\t\t<div class=\"elementor-image-gallery\">\n\t\t\t<div id='gallery-1' class='gallery galleryid-11 gallery-columns-3 gallery-size-full'><figure class='gallery-item'>\n\t\t\t<div class='gallery-icon landscape'>\n\t\t\t\t<a data-elementor-open-lightbox=\"yes\" data-elementor-lightbox-slideshow=\"45d4dc06\" data-elementor-lightbox-title=\"526x526.jpg\" data-e-action-hash=\"#elementor-action%3Aaction%3Dlightbox%26settings%3DeyJpZCI6ODQsInVybCI6Imh0dHBzOlwvXC93d3cuYnJpY2UtYmF1bGVzLmZyXC93cC1jb250ZW50XC91cGxvYWRzXC8yMDI1XC8wMlwvNTI2eDUyNi5qcGciLCJzbGlkZXNob3ciOiI0NWQ0ZGMwNiJ9\" href='https:\/\/www.brice-baules.fr\/wp-content\/uploads\/2025\/02\/526x526.jpg'><img fetchpriority=\"high\" decoding=\"async\" width=\"526\" height=\"526\" src=\"https:\/\/www.brice-baules.fr\/wp-content\/uploads\/2025\/02\/526x526.jpg\" class=\"attachment-full size-full\" alt=\"\" srcset=\"https:\/\/www.brice-baules.fr\/wp-content\/uploads\/2025\/02\/526x526.jpg 526w, https:\/\/www.brice-baules.fr\/wp-content\/uploads\/2025\/02\/526x526-300x300.jpg 300w, https:\/\/www.brice-baules.fr\/wp-content\/uploads\/2025\/02\/526x526-150x150.jpg 150w\" sizes=\"(max-width: 526px) 100vw, 526px\" \/><\/a>\n\t\t\t<\/div><\/figure><figure class='gallery-item'>\n\t\t\t<div class='gallery-icon landscape'>\n\t\t\t\t<a data-elementor-open-lightbox=\"yes\" data-elementor-lightbox-slideshow=\"45d4dc06\" data-elementor-lightbox-title=\"Alliance demi jonc diamants\" data-e-action-hash=\"#elementor-action%3Aaction%3Dlightbox%26settings%3DeyJpZCI6NzQxLCJ1cmwiOiJodHRwczpcL1wvd3d3LmJyaWNlLWJhdWxlcy5mclwvd3AtY29udGVudFwvdXBsb2Fkc1wvMjAyNlwvMDNcL1BYTF8yMDI2MDMyM18xMzQ2NDI3NDUuTUFDUk9fRk9DVVMyLXNjYWxlZC5qcGciLCJzbGlkZXNob3ciOiI0NWQ0ZGMwNiJ9\" data-elementor-lightbox-description=\"Or jaune 750\" href='https:\/\/www.brice-baules.fr\/wp-content\/uploads\/2026\/03\/PXL_20260323_134642745.MACRO_FOCUS2-scaled.jpg'><img decoding=\"async\" width=\"2560\" height=\"2560\" src=\"https:\/\/www.brice-baules.fr\/wp-content\/uploads\/2026\/03\/PXL_20260323_134642745.MACRO_FOCUS2-scaled.jpg\" class=\"attachment-full size-full\" alt=\"\" srcset=\"https:\/\/www.brice-baules.fr\/wp-content\/uploads\/2026\/03\/PXL_20260323_134642745.MACRO_FOCUS2-scaled.jpg 2560w, https:\/\/www.brice-baules.fr\/wp-content\/uploads\/2026\/03\/PXL_20260323_134642745.MACRO_FOCUS2-300x300.jpg 300w, https:\/\/www.brice-baules.fr\/wp-content\/uploads\/2026\/03\/PXL_20260323_134642745.MACRO_FOCUS2-1024x1024.jpg 1024w, https:\/\/www.brice-baules.fr\/wp-content\/uploads\/2026\/03\/PXL_20260323_134642745.MACRO_FOCUS2-150x150.jpg 150w, https:\/\/www.brice-baules.fr\/wp-content\/uploads\/2026\/03\/PXL_20260323_134642745.MACRO_FOCUS2-768x768.jpg 768w, https:\/\/www.brice-baules.fr\/wp-content\/uploads\/2026\/03\/PXL_20260323_134642745.MACRO_FOCUS2-1536x1536.jpg 1536w, https:\/\/www.brice-baules.fr\/wp-content\/uploads\/2026\/03\/PXL_20260323_134642745.MACRO_FOCUS2-2048x2048.jpg 2048w, https:\/\/www.brice-baules.fr\/wp-content\/uploads\/2026\/03\/PXL_20260323_134642745.MACRO_FOCUS2-600x600.jpg 600w\" sizes=\"(max-width: 2560px) 100vw, 2560px\" \/><\/a>\n\t\t\t<\/div><\/figure><figure class='gallery-item'>\n\t\t\t<div class='gallery-icon landscape'>\n\t\t\t\t<a data-elementor-open-lightbox=\"yes\" data-elementor-lightbox-slideshow=\"45d4dc06\" data-elementor-lightbox-title=\"Allaince \u00e0 motifs stri\u00e9s\" data-e-action-hash=\"#elementor-action%3Aaction%3Dlightbox%26settings%3DeyJpZCI6NzQyLCJ1cmwiOiJodHRwczpcL1wvd3d3LmJyaWNlLWJhdWxlcy5mclwvd3AtY29udGVudFwvdXBsb2Fkc1wvMjAyNlwvMDNcL1BYTF8yMDI2MDMyM18xMzQ5NDQ5MDMuTUFDUk9fRk9DVVMyLXNjYWxlZC5qcGciLCJzbGlkZXNob3ciOiI0NWQ0ZGMwNiJ9\" data-elementor-lightbox-description=\"Or jaune 750\" href='https:\/\/www.brice-baules.fr\/wp-content\/uploads\/2026\/03\/PXL_20260323_134944903.MACRO_FOCUS2-scaled.jpg'><img decoding=\"async\" width=\"2560\" height=\"2560\" src=\"https:\/\/www.brice-baules.fr\/wp-content\/uploads\/2026\/03\/PXL_20260323_134944903.MACRO_FOCUS2-scaled.jpg\" class=\"attachment-full size-full\" alt=\"\" srcset=\"https:\/\/www.brice-baules.fr\/wp-content\/uploads\/2026\/03\/PXL_20260323_134944903.MACRO_FOCUS2-scaled.jpg 2560w, https:\/\/www.brice-baules.fr\/wp-content\/uploads\/2026\/03\/PXL_20260323_134944903.MACRO_FOCUS2-300x300.jpg 300w, https:\/\/www.brice-baules.fr\/wp-content\/uploads\/2026\/03\/PXL_20260323_134944903.MACRO_FOCUS2-1024x1024.jpg 1024w, https:\/\/www.brice-baules.fr\/wp-content\/uploads\/2026\/03\/PXL_20260323_134944903.MACRO_FOCUS2-150x150.jpg 150w, https:\/\/www.brice-baules.fr\/wp-content\/uploads\/2026\/03\/PXL_20260323_134944903.MACRO_FOCUS2-768x768.jpg 768w, https:\/\/www.brice-baules.fr\/wp-content\/uploads\/2026\/03\/PXL_20260323_134944903.MACRO_FOCUS2-1536x1536.jpg 1536w, https:\/\/www.brice-baules.fr\/wp-content\/uploads\/2026\/03\/PXL_20260323_134944903.MACRO_FOCUS2-2048x2048.jpg 2048w, https:\/\/www.brice-baules.fr\/wp-content\/uploads\/2026\/03\/PXL_20260323_134944903.MACRO_FOCUS2-600x600.jpg 600w\" sizes=\"(max-width: 2560px) 100vw, 2560px\" \/><\/a>\n\t\t\t<\/div><\/figure>\n\t\t<\/div>\n\t\t<\/div>\n\t\t\t\t\t\t<\/div>\n\t\t\t\t<\/div>\n\t\t\t\t<div class=\"elementor-element elementor-element-354ff056 elementor-align-center elementor-invisible elementor-widget elementor-widget-button\" data-id=\"354ff056\" data-element_type=\"widget\" data-e-type=\"widget\" data-settings=\"{&quot;_animation&quot;:&quot;fadeInDown&quot;}\" data-widget_type=\"button.default\">\n\t\t\t\t<div class=\"elementor-widget-container\">\n\t\t\t\t\t\t\t\t\t<div class=\"elementor-button-wrapper\">\n\t\t\t\t\t<a class=\"elementor-button elementor-button-link elementor-size-sm\" href=\"https:\/\/www.brice-baules.fr\/index.php\/les-services\/\">\n\t\t\t\t\t\t<span class=\"elementor-button-content-wrapper\">\n\t\t\t\t\t\t\t\t\t<span class=\"elementor-button-text\">Mes services<\/span>\n\t\t\t\t\t<\/span>\n\t\t\t\t\t<\/a>\n\t\t\t\t<\/div>\n\t\t\t\t\t\t\t\t<\/div>\n\t\t\t\t<\/div>\n\t\t\t\t<\/div>\n\t\t\t\t<\/div>\n\t\t","protected":false},"excerpt":{"rendered":"<p>Brice Baul\u00e8s Artisan Bijoutier Bienvenue dans mon univers, toutes les cr\u00e9ations que vous trouverez ici sont enti\u00e8rement r\u00e9alis\u00e9es \u00e0 la main dans le pur respect des techniques traditionnelles de bijouterie \/ joaillerie. Me contacter Your Name Qui suis-je? Je m&rsquo;appelle Brice Baul\u00e8s, je suis artisan bijoutier \u00e0 mon compte et exerce \u00e0 Couffouleux, dans le [&hellip;]<\/p>\n","protected":false},"author":1,"featured_media":490,"parent":0,"menu_order":0,"comment_status":"closed","ping_status":"closed","template":"elementor_header_footer","meta":{"footnotes":""},"class_list":["post-11","page","type-page","status-publish","has-post-thumbnail","hentry","entry","has-media"],"yoast_head":"<!-- This site is optimized with the Yoast SEO plugin v27.1.1 - https:\/\/yoast.com\/product\/yoast-seo-wordpress\/ -->\n<title>Brice Baul\u00e8s - Artisan Bijoutier<\/title>\n<meta name=\"description\" content=\"Artisan bijoutier install\u00e9 \u00e0 Couffouleux dans le Tarn. Venez d\u00e9couvrir mes cr\u00e9ations.\" \/>\n<meta name=\"robots\" content=\"index, follow, max-snippet:-1, max-image-preview:large, max-video-preview:-1\" \/>\n<link rel=\"canonical\" href=\"https:\/\/www.brice-baules.fr\/\" \/>\n<meta property=\"og:locale\" content=\"fr_FR\" \/>\n<meta property=\"og:type\" content=\"article\" \/>\n<meta property=\"og:title\" content=\"Brice Baul\u00e8s - Artisan Bijoutier\" \/>\n<meta property=\"og:description\" content=\"Artisan bijoutier install\u00e9 \u00e0 Couffouleux dans le Tarn. Venez d\u00e9couvrir mes cr\u00e9ations.\" \/>\n<meta property=\"og:url\" content=\"https:\/\/www.brice-baules.fr\/\" \/>\n<meta property=\"og:site_name\" content=\"Brice Baul\u00e8s - Artisan Bijoutier\" \/>\n<meta property=\"article:publisher\" content=\"https:\/\/www.facebook.com\/p\/Brice-Bauls-BijoutierJoaillier-100082901226575\/\" \/>\n<meta property=\"article:modified_time\" content=\"2026-03-24T11:40:03+00:00\" \/>\n<meta property=\"og:image\" content=\"https:\/\/www.brice-baules.fr\/wp-content\/uploads\/2026\/03\/IMG_2548-scaled.jpg\" \/>\n\t<meta property=\"og:image:width\" content=\"1707\" \/>\n\t<meta property=\"og:image:height\" content=\"2560\" \/>\n\t<meta property=\"og:image:type\" content=\"image\/jpeg\" \/>\n<meta name=\"twitter:card\" content=\"summary_large_image\" \/>\n<meta name=\"twitter:label1\" content=\"Dur\u00e9e de lecture estim\u00e9e\" \/>\n\t<meta name=\"twitter:data1\" content=\"2 minutes\" \/>\n<script type=\"application\/ld+json\" class=\"yoast-schema-graph\">{\"@context\":\"https:\/\/schema.org\",\"@graph\":[{\"@type\":\"WebPage\",\"@id\":\"https:\/\/www.brice-baules.fr\/\",\"url\":\"https:\/\/www.brice-baules.fr\/\",\"name\":\"Brice Baul\u00e8s - Artisan Bijoutier\",\"isPartOf\":{\"@id\":\"https:\/\/www.brice-baules.fr\/#website\"},\"primaryImageOfPage\":{\"@id\":\"https:\/\/www.brice-baules.fr\/#primaryimage\"},\"image\":{\"@id\":\"https:\/\/www.brice-baules.fr\/#primaryimage\"},\"thumbnailUrl\":\"https:\/\/www.brice-baules.fr\/wp-content\/uploads\/2026\/03\/IMG_2548-scaled.jpg\",\"datePublished\":\"2025-02-04T16:45:24+00:00\",\"dateModified\":\"2026-03-24T11:40:03+00:00\",\"description\":\"Artisan bijoutier install\u00e9 \u00e0 Couffouleux dans le Tarn. Venez d\u00e9couvrir mes cr\u00e9ations.\",\"breadcrumb\":{\"@id\":\"https:\/\/www.brice-baules.fr\/#breadcrumb\"},\"inLanguage\":\"fr-FR\",\"potentialAction\":[{\"@type\":\"ReadAction\",\"target\":[\"https:\/\/www.brice-baules.fr\/\"]}]},{\"@type\":\"ImageObject\",\"inLanguage\":\"fr-FR\",\"@id\":\"https:\/\/www.brice-baules.fr\/#primaryimage\",\"url\":\"https:\/\/www.brice-baules.fr\/wp-content\/uploads\/2026\/03\/IMG_2548-scaled.jpg\",\"contentUrl\":\"https:\/\/www.brice-baules.fr\/wp-content\/uploads\/2026\/03\/IMG_2548-scaled.jpg\",\"width\":1707,\"height\":2560},{\"@type\":\"BreadcrumbList\",\"@id\":\"https:\/\/www.brice-baules.fr\/#breadcrumb\",\"itemListElement\":[{\"@type\":\"ListItem\",\"position\":1,\"name\":\"Accueil\",\"item\":\"https:\/\/www.brice-baules.fr\/\"},{\"@type\":\"ListItem\",\"position\":2,\"name\":\"Brice Baul\u00e8s &#8211; Artisan Bijoutier\"}]},{\"@type\":\"WebSite\",\"@id\":\"https:\/\/www.brice-baules.fr\/#website\",\"url\":\"https:\/\/www.brice-baules.fr\/\",\"name\":\"Brice Baul\u00e8s - Artisan Bijoutier\",\"description\":\"\",\"publisher\":{\"@id\":\"https:\/\/www.brice-baules.fr\/#organization\"},\"potentialAction\":[{\"@type\":\"SearchAction\",\"target\":{\"@type\":\"EntryPoint\",\"urlTemplate\":\"https:\/\/www.brice-baules.fr\/?s={search_term_string}\"},\"query-input\":{\"@type\":\"PropertyValueSpecification\",\"valueRequired\":true,\"valueName\":\"search_term_string\"}}],\"inLanguage\":\"fr-FR\"},{\"@type\":\"Organization\",\"@id\":\"https:\/\/www.brice-baules.fr\/#organization\",\"name\":\"Brice Baul\u00e8s - Artisan Bijoutier\",\"url\":\"https:\/\/www.brice-baules.fr\/\",\"logo\":{\"@type\":\"ImageObject\",\"inLanguage\":\"fr-FR\",\"@id\":\"https:\/\/www.brice-baules.fr\/#\/schema\/logo\/image\/\",\"url\":\"https:\/\/www.brice-baules.fr\/wp-content\/uploads\/2025\/02\/logo.png\",\"contentUrl\":\"https:\/\/www.brice-baules.fr\/wp-content\/uploads\/2025\/02\/logo.png\",\"width\":1617,\"height\":1609,\"caption\":\"Brice Baul\u00e8s - Artisan Bijoutier\"},\"image\":{\"@id\":\"https:\/\/www.brice-baules.fr\/#\/schema\/logo\/image\/\"},\"sameAs\":[\"https:\/\/www.facebook.com\/p\/Brice-Bauls-BijoutierJoaillier-100082901226575\/\",\"https:\/\/www.instagram.com\/brice_baules_bijoutier\/\"]}]}<\/script>\n<!-- \/ Yoast SEO plugin. -->","yoast_head_json":{"title":"Brice Baul\u00e8s - Artisan Bijoutier","description":"Artisan bijoutier install\u00e9 \u00e0 Couffouleux dans le Tarn. Venez d\u00e9couvrir mes cr\u00e9ations.","robots":{"index":"index","follow":"follow","max-snippet":"max-snippet:-1","max-image-preview":"max-image-preview:large","max-video-preview":"max-video-preview:-1"},"canonical":"https:\/\/www.brice-baules.fr\/","og_locale":"fr_FR","og_type":"article","og_title":"Brice Baul\u00e8s - Artisan Bijoutier","og_description":"Artisan bijoutier install\u00e9 \u00e0 Couffouleux dans le Tarn. Venez d\u00e9couvrir mes cr\u00e9ations.","og_url":"https:\/\/www.brice-baules.fr\/","og_site_name":"Brice Baul\u00e8s - Artisan Bijoutier","article_publisher":"https:\/\/www.facebook.com\/p\/Brice-Bauls-BijoutierJoaillier-100082901226575\/","article_modified_time":"2026-03-24T11:40:03+00:00","og_image":[{"width":1707,"height":2560,"url":"https:\/\/www.brice-baules.fr\/wp-content\/uploads\/2026\/03\/IMG_2548-scaled.jpg","type":"image\/jpeg"}],"twitter_card":"summary_large_image","twitter_misc":{"Dur\u00e9e de lecture estim\u00e9e":"2 minutes"},"schema":{"@context":"https:\/\/schema.org","@graph":[{"@type":"WebPage","@id":"https:\/\/www.brice-baules.fr\/","url":"https:\/\/www.brice-baules.fr\/","name":"Brice Baul\u00e8s - Artisan Bijoutier","isPartOf":{"@id":"https:\/\/www.brice-baules.fr\/#website"},"primaryImageOfPage":{"@id":"https:\/\/www.brice-baules.fr\/#primaryimage"},"image":{"@id":"https:\/\/www.brice-baules.fr\/#primaryimage"},"thumbnailUrl":"https:\/\/www.brice-baules.fr\/wp-content\/uploads\/2026\/03\/IMG_2548-scaled.jpg","datePublished":"2025-02-04T16:45:24+00:00","dateModified":"2026-03-24T11:40:03+00:00","description":"Artisan bijoutier install\u00e9 \u00e0 Couffouleux dans le Tarn. Venez d\u00e9couvrir mes cr\u00e9ations.","breadcrumb":{"@id":"https:\/\/www.brice-baules.fr\/#breadcrumb"},"inLanguage":"fr-FR","potentialAction":[{"@type":"ReadAction","target":["https:\/\/www.brice-baules.fr\/"]}]},{"@type":"ImageObject","inLanguage":"fr-FR","@id":"https:\/\/www.brice-baules.fr\/#primaryimage","url":"https:\/\/www.brice-baules.fr\/wp-content\/uploads\/2026\/03\/IMG_2548-scaled.jpg","contentUrl":"https:\/\/www.brice-baules.fr\/wp-content\/uploads\/2026\/03\/IMG_2548-scaled.jpg","width":1707,"height":2560},{"@type":"BreadcrumbList","@id":"https:\/\/www.brice-baules.fr\/#breadcrumb","itemListElement":[{"@type":"ListItem","position":1,"name":"Accueil","item":"https:\/\/www.brice-baules.fr\/"},{"@type":"ListItem","position":2,"name":"Brice Baul\u00e8s &#8211; Artisan Bijoutier"}]},{"@type":"WebSite","@id":"https:\/\/www.brice-baules.fr\/#website","url":"https:\/\/www.brice-baules.fr\/","name":"Brice Baul\u00e8s - Artisan Bijoutier","description":"","publisher":{"@id":"https:\/\/www.brice-baules.fr\/#organization"},"potentialAction":[{"@type":"SearchAction","target":{"@type":"EntryPoint","urlTemplate":"https:\/\/www.brice-baules.fr\/?s={search_term_string}"},"query-input":{"@type":"PropertyValueSpecification","valueRequired":true,"valueName":"search_term_string"}}],"inLanguage":"fr-FR"},{"@type":"Organization","@id":"https:\/\/www.brice-baules.fr\/#organization","name":"Brice Baul\u00e8s - Artisan Bijoutier","url":"https:\/\/www.brice-baules.fr\/","logo":{"@type":"ImageObject","inLanguage":"fr-FR","@id":"https:\/\/www.brice-baules.fr\/#\/schema\/logo\/image\/","url":"https:\/\/www.brice-baules.fr\/wp-content\/uploads\/2025\/02\/logo.png","contentUrl":"https:\/\/www.brice-baules.fr\/wp-content\/uploads\/2025\/02\/logo.png","width":1617,"height":1609,"caption":"Brice Baul\u00e8s - Artisan Bijoutier"},"image":{"@id":"https:\/\/www.brice-baules.fr\/#\/schema\/logo\/image\/"},"sameAs":["https:\/\/www.facebook.com\/p\/Brice-Bauls-BijoutierJoaillier-100082901226575\/","https:\/\/www.instagram.com\/brice_baules_bijoutier\/"]}]}},"_links":{"self":[{"href":"https:\/\/www.brice-baules.fr\/index.php\/wp-json\/wp\/v2\/pages\/11","targetHints":{"allow":["GET"]}}],"collection":[{"href":"https:\/\/www.brice-baules.fr\/index.php\/wp-json\/wp\/v2\/pages"}],"about":[{"href":"https:\/\/www.brice-baules.fr\/index.php\/wp-json\/wp\/v2\/types\/page"}],"author":[{"embeddable":true,"href":"https:\/\/www.brice-baules.fr\/index.php\/wp-json\/wp\/v2\/users\/1"}],"replies":[{"embeddable":true,"href":"https:\/\/www.brice-baules.fr\/index.php\/wp-json\/wp\/v2\/comments?post=11"}],"version-history":[{"count":84,"href":"https:\/\/www.brice-baules.fr\/index.php\/wp-json\/wp\/v2\/pages\/11\/revisions"}],"predecessor-version":[{"id":745,"href":"https:\/\/www.brice-baules.fr\/index.php\/wp-json\/wp\/v2\/pages\/11\/revisions\/745"}],"wp:featuredmedia":[{"embeddable":true,"href":"https:\/\/www.brice-baules.fr\/index.php\/wp-json\/wp\/v2\/media\/490"}],"wp:attachment":[{"href":"https:\/\/www.brice-baules.fr\/index.php\/wp-json\/wp\/v2\/media?parent=11"}],"curies":[{"name":"wp","href":"https:\/\/api.w.org\/{rel}","templated":true}]}}